e
Let j(g) = 12647*g - 5. Let o be j(-3). Let p = 55011 + o. Is p composite?
True
Let a(u) = 108030*u + 433. Is a(2) a composite number?
False
Let q(n) = 1290*n**2 + 22*n + 189. Is q(-10) composite?
False
Let q = -92690 + 134496. Is q composite?
True
Let r(k) = 653901*k**2 - 2*k. Is r(1) composite?
False
Suppose -94*a = -203*a - 145*a + 80066642. Is a composite?
False
Let p = 7278 + 931. Is p a composite number?
False
Suppose -31*d - 4908077 = -5911876 - 6692354. Is d a prime number?
False
Let n = 102346 - -275761. Is n a prime number?
False
Let t(x) = -3*x + 8*x - 17*x**2 - 2*x**3 + 2*x + 6*x**2 + 1. Let d be t(-6). Is (-1043)/(3/(-8 - d)) a prime number?
False
Let u = 39766 - 23258. Suppose -5*t + 7 = -3*y, -2*y = 1 - 3. Suppose -t*x + 6*x = u. Is x a prime number?
True
Let t be (-44)/(-52) + (-2)/(-13) - -7. Let o be (-118)/(54/(-24) + 2/t). Let n = o - 36. Is n a composite number?
False
Let a = -137 - -122. Is 3 + 543 - a/3 a prime number?
False
Suppose 0 = 3*b - x - 661507, -b + 17*x = 13*x - 220517. Is b a prime number?
False
Suppose 0 = 9*p - 12*p + 15. Suppose -5*v = -5*r - 15, 5*v - 2*v - 1 = p*r. Suppose -5*c = -v*c + 1846. Is c composite?
True
Suppose -29 = -2*p - 25. Suppose -p*l = -l + 11. Let c(y) = 4*y**2 + 22*y - 16. Is c(l) composite?
True
Let h = 378422 - 172255. Is h composite?
True
Let w(r) = -6*r**2 + 5*r + 17. Let y(p) = 6*p**2 - 5*p - 18. Let j(v) = -5*w(v) - 4*y(v). Let h be j(-9). Let z = h + 113. Is z a composite number?
False
Let x(i) = 78*i**2 + 8*i + 1. Suppose 10 = 5*a - 20. Suppose 0 = -3*d - a - 3. Is x(d) a composite number?
True
Let a(r) = r**3 - 36*r**2 - 19*r + 13. Let d be (-2)/2*1 + 17 + 22. Is a(d) composite?
False
Suppose c + q = -1, c + 2*c - 18 = 4*q. Suppose c*k - 4*w - 1732 = -2*k, 0 = 4*k - w - 1744. Is k composite?
True
Suppose -10*f = -12*f + 2. Is 0/(-10) - (-558 + f) a prime number?
True
Suppose 24139 = 3*a - 4*h, 4*h = 5*a + 9*h - 40290. Is a composite?
False
Let i be 1 - (8 + -5) - -38. Suppose -13*p - 5*p + i = 0. Suppose -y - p*g = 3*y - 5604, -2*y = -g - 2794. Is y a composite number?
False
Suppose 0 = c - 5*i - 70, 8*i = 5*c + 3*i - 370. Is (-218744)/(-120) + 10/c prime?
True
Let c = 28521 + -15218. Is c prime?
False
Suppose -4*n + 3*b = -16 - 29, -5*b = n - 17. Let l be ((-1947)/(-2))/(n/16) + 0. Suppose -3*v = -l - 2893. Is v a composite number?
True
Let x = -592253 - -996664. Is x a prime number?
False
Let z be (-2)/4 + 78/(-4). Suppose 19*i + 53897 + 17109 - 15621 = 0. Is i/z + 3 - 2/(-8) a composite number?
False
Suppose n + 3 = 0, -6*r - 21 = -r + 2*n. Let q be (179/r + -3)*(1 - 70). Suppose 5*b + q = 12609. Is b prime?
True
Let i = 72 - 77. Let l be -464*(54/12)/(i - -2). Let z = 1237 - l. Is z a prime number?
True
Suppose -16 = -0*h - 2*h. Suppose 2*t = -v, 4*v = 2*t + 3*t - 26. Suppose t*j - 2 = -h, 3*z + 4*j - 57 = 0. Is z a prime number?
True
Suppose 1798894 = 26*p - 325336 - 803916. Is p a prime number?
True
Let f be 1365 + (-20)/6*3/2. Suppose -2*a + 966 = -f. Is a a composite number?
False
Let p = -6908 + 18771. Is p composite?
False
Let r = -336 - 1108. Let p = r - -3375. Is p prime?
True
Let c(h) = -h**3 + 15*h**2 - 18*h - 20. Let v be c(13). Suppose -8*n + v = -468. Is n a composite number?
True
Let m(g) = 1247*g + 71. Let r be m(4). Suppose -r - 866 = -2*v - 5*q, -v = q - 2964. Is v prime?
False
Is 64333*(-27)/(-12) - (56/(-32))/(-7) prime?
False
Suppose 3*l = 4*l - 851. Suppose 2*w - 11*m + 6*m = 1698, w - 2*m = l. Is w composite?
False
Let h(x) = 14*x - 29. Let o be (-2431)/(-119) + 6/(-14). Let g be (4 - 1) + o + -3. Is h(g) composite?
False
Suppose 19*v = -8*v - 5949682 + 20357773. Is v composite?
False
Let z(c) = -3*c - 49. Let a = 53 - 77. Is z(a) prime?
True
Is -246172*(216/54 + 66/(-8)) prime?
False
Let w(x) = -9829*x + 11. Let k be w(-2). Suppose 5*l - k = 11136. Suppose -9*z + l = -1732. Is z composite?
False
Let j(k) = 2*k**3 - 6*k**2 + 5*k - 4. Let h be j(4). Suppose 3*u + f - 76 = 5*u, u - 3*f = -h. Is (10056/u)/(4/(-6)) prime?
True
Suppose -5*t - 3*w + 6*w + 22 = 0, 2*t + 5*w - 15 = 0. Suppose 6*b - 14694 = -2784. Suppose -t*p = -0*p - b. Is p composite?
False
Suppose -10*o + 8*o - 2*j = -58362, -4*o = 2*j - 116726. Is o a prime number?
False
Let c = 82140 + -48875. Is c composite?
True
Let z(y) be the third derivative of -293*y**6/60 + y**4/6 + 7*y**3/6 - 143*y**2. Is z(-3) a prime number?
True
Suppose 3*v - 80325 = -5*d, -v = -0*d + 2*d - 32130. Suppose -d = 18*f - 294183. Is f prime?
True
Let y(t) be the third derivative of -97*t**4/4 - 163*t**3/6 + 101*t**2. Is y(-18) composite?
False
Let g be ((-82901)/(-182))/((-1)/(-26)). Let d = g - -6496. Is d prime?
False
Suppose 4*z - 35766 = -2*b, -127*b = -130*b - 4*z + 53657. Is b a composite number?
False
Let z(f) = -44*f**2 + 3*f - 11. Let u be z(6). Let j = 933 + u. Let m = 2773 + j. Is m prime?
True
Let c(i) = 303*i**2 - 26*i + 333. Is c(28) a composite number?
False
Is (1 + 0 + -666686)/(65 - 66) a composite number?
True
Suppose 10487 = 13*k - 22208. Suppose 0 = -c - 3*o + k, 12*c - 10*c - 5034 = -4*o. Is c composite?
False
Let c(s) be the third derivative of s**6/30 - 7*s**5/120 + 29*s**4/24 + 5*s**3 + 40*s**2. Let l(z) be the first derivative of c(z). Is l(10) a prime number?
False
Let l = -4364 + 1562. Let x = l - -9785. Suppose -x = -3*g - 4*n, -2*g + n + 4*n + 4617 = 0. Is g prime?
False
Let n(z) = 7*z**3 - 19*z**2 + 8*z - 4. Let i be n(14). Suppose -2*p + 10*p - i = 0. Suppose -j - 4*j = 2*k - p, 0 = -j - 1. Is k a prime number?
True
Suppose 0 = -17*u + 9*u + 96. Is (6 - -1583) + u/6 prime?
False
Let q = 189 + -140. Let u = q + 90. Is u a composite number?
False
Suppose 263*v - 275707 - 295447 = -90*v. Is v a composite number?
True
Suppose 5*y - 3*s - 23 = 0, -4 = y - s - 9. Is (1074/y)/((-240)/(-160)) a composite number?
False
Let w = -347 - -350. Suppose -5437 = -4*c + 5*b, -4083 = -w*c + 2*b - 0*b. Is c a composite number?
True
Let v be 17/51*6*1. Is ((-3)/(-6))/(v/3604) composite?
True
Let j = 57 - 55. Suppose -5*g + 0*g + 4*r = 84, -52 = 3*g - j*r. Is (g/8)/((-3)/102) composite?
True
Let n = -480 + 483. Suppose 18257 = n*p - 7894. Is p a composite number?
True
Suppose 0 = -2*v - k + 13, 0*k + 8 = -3*v + 4*k. Suppose -5*x + 23543 = -v*s + 4268, -2*x - s = -7723. Is x a composite number?
True
Suppose 3*c - 4598 = 5*a, c + 0*a + 4*a - 1561 = 0. Let z = c + -118. Suppose -5*m = -2*m - 2*v - z, v - 466 = -m. Is m prime?
False
Let h(m) be the third derivative of -23*m**7/336 + m**6/180 + m**5/20 - 11*m**2. Let i(y) be the third derivative of h(y). Is i(-3) a prime number?
True
Suppose -2236441 = 549*b - 553*b - s, 1677324 = 3*b + 3*s. Is b a prime number?
False
Let t(o) = 156*o + 64. Let k be t(-28). Let z = k + 11083. Is z a prime number?
True
Suppose 15800 = -6*r + 5456. Let m = 2880 + r. Let l = m - -61. Is l a prime number?
True
Let w(n) be the third derivative of 25*n**4/24 + 41*n**3 - 32*n**2 - 4*n. Is w(5) a composite number?
True
Let y be (-8)/6*(14 + (-202)/8). Suppose -2*b = -t - 2497 - 5030, 0 = 3*t + y. Is b a prime number?
True
Let v be (-4 + -2)/((-18)/81). Let r(n) = -n**3 + 27*n**2 + 9*n + 86. Is r(v) a prime number?
False
Let b be (-3 - -3) + (4 - 4). Suppose b = t - r - 2*r - 929, -4709 = -5*t - r. Is t a composite number?
False
Let p(j) = 26*j - 78. Let q be p(19). Let a = -69 + 204. Let h = a + q. Is h a composite number?
True
Suppose 3*h + 19 - 3 = -2*d, 2*h = -5*d - 18. Is -1*-451*3 - h a prime number?
False
Is (20/(-50))/((48/380290)/(-12)) a prime number?
False
Suppose 4*u + 75844 = -21*b + 25*b, -37924 = -2*b + 3*u. Is b prime?
True
Let a be 20/70 - (-789324)/(-14). Is 7/((-210)/a)*(-3)/(-2) prime?
True
Let g be 0 + 1/4 - (-40378)/(-104). Let v be g/14 - 8/28. Is 70/v*(-1436)/10 a composite number?
False
Suppose -4*o = -o - m - 6819, 0 = 4*m + 12. Suppose -3*y = -28 + 22. Suppose -o + 758 = -y*p. Is p prime?
True
Is 90/180*(-13366764)/(-26) + (-10)/65 a prime number?
True
Let m = -38 - -39. Let v be (-2)/(m/(18/(-4))). Is (-466)/(-3)*(v/2 + -3) a prime number?
True
Suppose -s = -4*i - 151749, s + 27*i = 22*i + 151704. Is s a composite number?
False
Let n(t) = t + 9. Let p be n(-6). Suppose 216 = y - q - 85, -y - p*q = -313. Let f = y - 143. Is f a prime number?
False
Supp